{"id":46,"date":"2024-04-21T13:04:00","date_gmt":"2024-04-21T13:04:00","guid":{"rendered":"https:\/\/tga-modul.de\/?page_id=46"},"modified":"2026-03-30T15:39:30","modified_gmt":"2026-03-30T15:39:30","slug":"installationswaende-nach-mass","status":"publish","type":"page","link":"https:\/\/tga-modul.de\/startseite\/","title":{"rendered":"Installationsw\u00e4nde nach Ma\u00df"},"content":{"rendered":"\n<p class=\"has-text-align-center\"><strong>Willkommen!<\/strong><\/p>\n\n\n\n<p class=\"has-text-align-center\">Wir m\u00f6chten die Baubranche mit unserem Produkt revolutionieren. Unsere multifunktionalen, vorgefertigten und ma\u00dfgeschneiderten Installationsw\u00e4nde f\u00fcr B\u00e4der sind sowohl im Altbau als auch im Neubau einsetzbar. Effizient, flexibel und zukunftsorientiert &#8211; entdecken Sie eine neue Art der Badinstallation.<\/p>\n\n\n\n<div class=\"wp-block-group alignfull has-white-background-color has-background is-layout-constrained wp-container-core-group-is-layout-a4e63d72 wp-block-group-is-layout-constrained\" style=\"margin-top:0px;padding-top:4vw;padding-right:4vw;padding-bottom:4vw;padding-left:4vw\">\n<div class=\"wp-block-columns alignwide is-layout-flex wp-container-core-columns-is-layout-828b44bc wp-block-columns-is-layout-flex\">\n<div class=\"wp-block-column is-layout-flow wp-block-column-is-layout-flow\">\n<figure class=\"wp-block-image size-full is-style-default\"><img loading=\"lazy\" decoding=\"async\" width=\"1707\" height=\"2560\" src=\"https:\/\/tga-modul.de\/wp-content\/uploads\/2024\/04\/JM1A8993-scaled.jpg\" alt=\"\" class=\"wp-image-26\" srcset=\"https:\/\/tga-modul.de\/wp-content\/uploads\/2024\/04\/JM1A8993-scaled.jpg 1707w, https:\/\/tga-modul.de\/wp-content\/uploads\/2024\/04\/JM1A8993-200x300.jpg 200w, https:\/\/tga-modul.de\/wp-content\/uploads\/2024\/04\/JM1A8993-683x1024.jpg 683w, https:\/\/tga-modul.de\/wp-content\/uploads\/2024\/04\/JM1A8993-768x1152.jpg 768w, https:\/\/tga-modul.de\/wp-content\/uploads\/2024\/04\/JM1A8993-1024x1536.jpg 1024w, https:\/\/tga-modul.de\/wp-content\/uploads\/2024\/04\/JM1A8993-1365x2048.jpg 1365w, https:\/\/tga-modul.de\/wp-content\/uploads\/2024\/04\/JM1A8993-510x765.jpg 510w\" sizes=\"auto, (max-width: 1707px) 100vw, 1707px\" \/><figcaption class=\"wp-element-caption\">Badregister liegend &#8211; versandbereit<\/figcaption><\/figure>\n\n\n\n<h3 class=\"wp-block-heading\">Produktion in Serie<\/h3>\n\n\n\n<p>Vom Prototyp bis zur Gro\u00dfserie &#8211;            Wir fertigen f\u00fcr Sie.<\/p>\n<\/div>\n\n\n\n<div class=\"wp-block-column is-layout-flow wp-block-column-is-layout-flow\">\n<figure class=\"wp-block-image size-full is-style-default\"><img loading=\"lazy\" decoding=\"async\" width=\"1707\" height=\"2560\" src=\"https:\/\/tga-modul.de\/wp-content\/uploads\/2024\/04\/JM1A8936-scaled.jpg\" alt=\"\" class=\"wp-image-23\" srcset=\"https:\/\/tga-modul.de\/wp-content\/uploads\/2024\/04\/JM1A8936-scaled.jpg 1707w, https:\/\/tga-modul.de\/wp-content\/uploads\/2024\/04\/JM1A8936-200x300.jpg 200w, https:\/\/tga-modul.de\/wp-content\/uploads\/2024\/04\/JM1A8936-683x1024.jpg 683w, https:\/\/tga-modul.de\/wp-content\/uploads\/2024\/04\/JM1A8936-768x1152.jpg 768w, https:\/\/tga-modul.de\/wp-content\/uploads\/2024\/04\/JM1A8936-1024x1536.jpg 1024w, https:\/\/tga-modul.de\/wp-content\/uploads\/2024\/04\/JM1A8936-1365x2048.jpg 1365w, https:\/\/tga-modul.de\/wp-content\/uploads\/2024\/04\/JM1A8936-510x765.jpg 510w\" sizes=\"auto, (max-width: 1707px) 100vw, 1707px\" \/><figcaption class=\"wp-element-caption\">Komplett vorgefertigtes Badregister<\/figcaption><\/figure>\n\n\n\n<h3 class=\"wp-block-heading\">Einzelserie<\/h3>\n\n\n\n<p>Individual &amp; Flexibel &#8211; ganz nach Wunsch und Bedingungen.<\/p>\n<\/div>\n\n\n\n<div class=\"wp-block-column is-layout-flow wp-block-column-is-layout-flow\">\n<figure class=\"wp-block-image size-full is-style-default\"><img loading=\"lazy\" decoding=\"async\" width=\"1707\" height=\"2560\" src=\"https:\/\/tga-modul.de\/wp-content\/uploads\/2024\/04\/JM1A9046-scaled.jpg\" alt=\"\" class=\"wp-image-25\" srcset=\"https:\/\/tga-modul.de\/wp-content\/uploads\/2024\/04\/JM1A9046-scaled.jpg 1707w, https:\/\/tga-modul.de\/wp-content\/uploads\/2024\/04\/JM1A9046-200x300.jpg 200w, https:\/\/tga-modul.de\/wp-content\/uploads\/2024\/04\/JM1A9046-683x1024.jpg 683w, https:\/\/tga-modul.de\/wp-content\/uploads\/2024\/04\/JM1A9046-768x1152.jpg 768w, https:\/\/tga-modul.de\/wp-content\/uploads\/2024\/04\/JM1A9046-1024x1536.jpg 1024w, https:\/\/tga-modul.de\/wp-content\/uploads\/2024\/04\/JM1A9046-1365x2048.jpg 1365w, https:\/\/tga-modul.de\/wp-content\/uploads\/2024\/04\/JM1A9046-510x765.jpg 510w\" sizes=\"auto, (max-width: 1707px) 100vw, 1707px\" \/><figcaption class=\"wp-element-caption\">Einblick in ein fast fertiggestelltes Badregister<\/figcaption><\/figure>\n\n\n\n<h3 class=\"wp-block-heading\">&#8230; oder alle Zwischenstufen<\/h3>\n\n\n\n<p>Wir fertigen jegliche Auftragsgr\u00f6\u00dfen. Sprechen Sie uns an.<\/p>\n<\/div>\n<\/div>\n<\/div>\n\n\n\n<div class=\"wp-block-group alignfull has-white-background-color has-background is-layout-constrained wp-container-core-group-is-layout-a4e63d72 wp-block-group-is-layout-constrained\" style=\"margin-top:0px;padding-top:4vw;padding-right:4vw;padding-bottom:4vw;padding-left:4vw\">\n<h2 class=\"wp-block-heading has-text-align-center\" style=\"margin-bottom:3vw\">Unsere Leistungen<\/h2>\n\n\n\n<div class=\"wp-block-columns alignwide is-layout-flex wp-container-core-columns-is-layout-828b44bc wp-block-columns-is-layout-flex\">\n<div class=\"wp-block-column is-layout-flow wp-block-column-is-layout-flow\">\n<div class=\"wp-block-group is-layout-flow wp-block-group-is-layout-flow\" style=\"border-style:solid;border-width:2px;padding-top:2rem;padding-right:2rem;padding-bottom:2rem;padding-left:2rem\">\n<h3 class=\"wp-block-heading\">PLANUNG<\/h3>\n<\/div>\n<\/div>\n\n\n\n<div class=\"wp-block-column is-layout-flow wp-block-column-is-layout-flow\">\n<div class=\"wp-block-group is-layout-flow wp-block-group-is-layout-flow\" style=\"border-style:solid;border-width:2px;padding-top:2rem;padding-right:2rem;padding-bottom:2rem;padding-left:2rem\">\n<h3 class=\"wp-block-heading\">VORFERTIGUNG<\/h3>\n<\/div>\n<\/div>\n\n\n\n<div class=\"wp-block-column is-layout-flow wp-block-column-is-layout-flow\">\n<div class=\"wp-block-group is-layout-flow wp-block-group-is-layout-flow\" style=\"border-style:solid;border-width:2px;padding-top:2rem;padding-right:2rem;padding-bottom:2rem;padding-left:2rem\">\n<h3 class=\"wp-block-heading\">MONTAGE<\/h3>\n<\/div>\n<\/div>\n<\/div>\n\n\n\n<p><\/p>\n<\/div>\n\n\n\n<div class=\"wp-block-group alignfull has-white-color has-secondary-background-color has-text-color has-background is-layout-constrained wp-container-core-group-is-layout-2b508e44 wp-block-group-is-layout-constrained\" style=\"margin-top:0px;padding-top:4vw;padding-right:4vw;padding-bottom:4vw;padding-left:4vw\">\n<h2 class=\"wp-block-heading has-text-align-center has-xx-large-font-size\">Nehmen Sie Kontakt mit uns auf<\/h2>\n\n\n\n<p class=\"has-text-align-center\">Wir freuen uns von Ihnen zu h\u00f6ren<\/p>\n\n\n\n<div class=\"wp-block-buttons is-content-justification-center is-layout-flex wp-container-core-buttons-is-layout-a89b3969 wp-block-buttons-is-layout-flex\">\n<div class=\"wp-block-button is-style-outline is-style-outline--2\"><a class=\"wp-block-button__link has-white-color has-text-color wp-element-button\" href=\"https:\/\/tga-modul.de\/startseite\/kontakt\/\">Kontakt<\/a><\/div>\n<\/div>\n<\/div>\n\n\n\n<div class=\"wp-block-group alignfull has-white-background-color has-background is-layout-constrained wp-container-core-group-is-layout-a4e63d72 wp-block-group-is-layout-constrained\" style=\"margin-top:0px;padding-top:4vw;padding-right:4vw;padding-bottom:4vw;padding-left:4vw\"><\/div>\n","protected":false},"excerpt":{"rendered":"<p>Willkommen! Wir m\u00f6chten die Baubranche mit unserem Produkt revolutionieren. Unsere multifunktionalen, vorgefertigten und ma\u00dfgeschneiderten Installationsw\u00e4nde f\u00fcr B\u00e4der sind sowohl im Altbau als auch im Neubau einsetzbar. Effizient, flexibel und zukunftsorientiert &#8211; entdecken Sie eine neue Art der Badinstallation. Produktion in Serie Vom [&hellip;]<\/p>\n","protected":false},"author":1,"featured_media":0,"parent":0,"menu_order":1,"comment_status":"closed","ping_status":"closed","template":"","meta":{"footnotes":""},"class_list":["post-46","page","type-page","status-publish","hentry"],"yoast_head":"<!-- This site is optimized with the Yoast SEO plugin v27.3 - https:\/\/yoast.com\/product\/yoast-seo-wordpress\/ -->\n<title>Installationsw\u00e4nde nach Ma\u00df - TGA MODUL<\/title>\n<meta name=\"robots\" content=\"index, follow, max-snippet:-1, max-image-preview:large, max-video-preview:-1\" \/>\n<link rel=\"canonical\" href=\"https:\/\/tga-modul.de\/startseite\/\" \/>\n<meta property=\"og:locale\" content=\"de_DE\" \/>\n<meta property=\"og:type\" content=\"article\" \/>\n<meta property=\"og:title\" content=\"Installationsw\u00e4nde nach Ma\u00df - TGA MODUL\" \/>\n<meta property=\"og:description\" content=\"Willkommen! Wir m\u00f6chten die Baubranche mit unserem Produkt revolutionieren. Unsere multifunktionalen, vorgefertigten und ma\u00dfgeschneiderten Installationsw\u00e4nde f\u00fcr B\u00e4der sind sowohl im Altbau als auch im Neubau einsetzbar. Effizient, flexibel und zukunftsorientiert &#8211; entdecken Sie eine neue Art der Badinstallation. Produktion in Serie Vom [&hellip;]\" \/>\n<meta property=\"og:url\" content=\"https:\/\/tga-modul.de\/startseite\/\" \/>\n<meta property=\"og:site_name\" content=\"TGA MODUL\" \/>\n<meta property=\"article:modified_time\" content=\"2026-03-30T15:39:30+00:00\" \/>\n<meta property=\"og:image\" content=\"https:\/\/tga-modul.de\/wp-content\/uploads\/2024\/04\/JM1A8993-scaled.jpg\" \/>\n\t<meta property=\"og:image:width\" content=\"1707\" \/>\n\t<meta property=\"og:image:height\" content=\"2560\" \/>\n\t<meta property=\"og:image:type\" content=\"image\/jpeg\" \/>\n<meta name=\"twitter:card\" content=\"summary_large_image\" \/>\n<meta name=\"twitter:label1\" content=\"Gesch\u00e4tzte Lesezeit\" \/>\n\t<meta name=\"twitter:data1\" content=\"2\u00a0Minuten\" \/>\n<script type=\"application\/ld+json\" class=\"yoast-schema-graph\">{\"@context\":\"https:\\\/\\\/schema.org\",\"@graph\":[{\"@type\":\"WebPage\",\"@id\":\"https:\\\/\\\/tga-modul.de\\\/startseite\\\/\",\"url\":\"https:\\\/\\\/tga-modul.de\\\/startseite\\\/\",\"name\":\"Installationsw\u00e4nde nach Ma\u00df - TGA MODUL\",\"isPartOf\":{\"@id\":\"https:\\\/\\\/tga-modul.de\\\/startseite\\\/#website\"},\"primaryImageOfPage\":{\"@id\":\"https:\\\/\\\/tga-modul.de\\\/startseite\\\/#primaryimage\"},\"image\":{\"@id\":\"https:\\\/\\\/tga-modul.de\\\/startseite\\\/#primaryimage\"},\"thumbnailUrl\":\"https:\\\/\\\/tga-modul.de\\\/wp-content\\\/uploads\\\/2024\\\/04\\\/JM1A8993-scaled.jpg\",\"datePublished\":\"2024-04-21T13:04:00+00:00\",\"dateModified\":\"2026-03-30T15:39:30+00:00\",\"breadcrumb\":{\"@id\":\"https:\\\/\\\/tga-modul.de\\\/startseite\\\/#breadcrumb\"},\"inLanguage\":\"de\",\"potentialAction\":[{\"@type\":\"ReadAction\",\"target\":[\"https:\\\/\\\/tga-modul.de\\\/startseite\\\/\"]}]},{\"@type\":\"ImageObject\",\"inLanguage\":\"de\",\"@id\":\"https:\\\/\\\/tga-modul.de\\\/startseite\\\/#primaryimage\",\"url\":\"https:\\\/\\\/tga-modul.de\\\/wp-content\\\/uploads\\\/2024\\\/04\\\/JM1A8993-scaled.jpg\",\"contentUrl\":\"https:\\\/\\\/tga-modul.de\\\/wp-content\\\/uploads\\\/2024\\\/04\\\/JM1A8993-scaled.jpg\"},{\"@type\":\"BreadcrumbList\",\"@id\":\"https:\\\/\\\/tga-modul.de\\\/startseite\\\/#breadcrumb\",\"itemListElement\":[{\"@type\":\"ListItem\",\"position\":1,\"name\":\"Home\",\"item\":\"https:\\\/\\\/tga-modul.de\\\/startseite\\\/\"},{\"@type\":\"ListItem\",\"position\":2,\"name\":\"Installationsw\u00e4nde nach Ma\u00df\"}]},{\"@type\":\"WebSite\",\"@id\":\"https:\\\/\\\/tga-modul.de\\\/startseite\\\/#website\",\"url\":\"https:\\\/\\\/tga-modul.de\\\/startseite\\\/\",\"name\":\"TGA MODUL\",\"description\":\"VORPLANUNG | VORFERTIGUNG | MONTAGE\",\"publisher\":{\"@id\":\"https:\\\/\\\/tga-modul.de\\\/startseite\\\/#organization\"},\"potentialAction\":[{\"@type\":\"SearchAction\",\"target\":{\"@type\":\"EntryPoint\",\"urlTemplate\":\"https:\\\/\\\/tga-modul.de\\\/startseite\\\/?s={search_term_string}\"},\"query-input\":{\"@type\":\"PropertyValueSpecification\",\"valueRequired\":true,\"valueName\":\"search_term_string\"}}],\"inLanguage\":\"de\"},{\"@type\":\"Organization\",\"@id\":\"https:\\\/\\\/tga-modul.de\\\/startseite\\\/#organization\",\"name\":\"TGA MODUL\",\"url\":\"https:\\\/\\\/tga-modul.de\\\/startseite\\\/\",\"logo\":{\"@type\":\"ImageObject\",\"inLanguage\":\"de\",\"@id\":\"https:\\\/\\\/tga-modul.de\\\/startseite\\\/#\\\/schema\\\/logo\\\/image\\\/\",\"url\":\"https:\\\/\\\/tga-modul.de\\\/wp-content\\\/uploads\\\/2024\\\/04\\\/TGA-LOGO.jpg\",\"contentUrl\":\"https:\\\/\\\/tga-modul.de\\\/wp-content\\\/uploads\\\/2024\\\/04\\\/TGA-LOGO.jpg\",\"width\":1563,\"height\":1563,\"caption\":\"TGA MODUL\"},\"image\":{\"@id\":\"https:\\\/\\\/tga-modul.de\\\/startseite\\\/#\\\/schema\\\/logo\\\/image\\\/\"}}]}<\/script>\n<!-- \/ Yoast SEO plugin. -->","yoast_head_json":{"title":"Installationsw\u00e4nde nach Ma\u00df - TGA MODUL","robots":{"index":"index","follow":"follow","max-snippet":"max-snippet:-1","max-image-preview":"max-image-preview:large","max-video-preview":"max-video-preview:-1"},"canonical":"https:\/\/tga-modul.de\/startseite\/","og_locale":"de_DE","og_type":"article","og_title":"Installationsw\u00e4nde nach Ma\u00df - TGA MODUL","og_description":"Willkommen! Wir m\u00f6chten die Baubranche mit unserem Produkt revolutionieren. Unsere multifunktionalen, vorgefertigten und ma\u00dfgeschneiderten Installationsw\u00e4nde f\u00fcr B\u00e4der sind sowohl im Altbau als auch im Neubau einsetzbar. Effizient, flexibel und zukunftsorientiert &#8211; entdecken Sie eine neue Art der Badinstallation. Produktion in Serie Vom [&hellip;]","og_url":"https:\/\/tga-modul.de\/startseite\/","og_site_name":"TGA MODUL","article_modified_time":"2026-03-30T15:39:30+00:00","og_image":[{"width":1707,"height":2560,"url":"https:\/\/tga-modul.de\/wp-content\/uploads\/2024\/04\/JM1A8993-scaled.jpg","type":"image\/jpeg"}],"twitter_card":"summary_large_image","twitter_misc":{"Gesch\u00e4tzte Lesezeit":"2\u00a0Minuten"},"schema":{"@context":"https:\/\/schema.org","@graph":[{"@type":"WebPage","@id":"https:\/\/tga-modul.de\/startseite\/","url":"https:\/\/tga-modul.de\/startseite\/","name":"Installationsw\u00e4nde nach Ma\u00df - TGA MODUL","isPartOf":{"@id":"https:\/\/tga-modul.de\/startseite\/#website"},"primaryImageOfPage":{"@id":"https:\/\/tga-modul.de\/startseite\/#primaryimage"},"image":{"@id":"https:\/\/tga-modul.de\/startseite\/#primaryimage"},"thumbnailUrl":"https:\/\/tga-modul.de\/wp-content\/uploads\/2024\/04\/JM1A8993-scaled.jpg","datePublished":"2024-04-21T13:04:00+00:00","dateModified":"2026-03-30T15:39:30+00:00","breadcrumb":{"@id":"https:\/\/tga-modul.de\/startseite\/#breadcrumb"},"inLanguage":"de","potentialAction":[{"@type":"ReadAction","target":["https:\/\/tga-modul.de\/startseite\/"]}]},{"@type":"ImageObject","inLanguage":"de","@id":"https:\/\/tga-modul.de\/startseite\/#primaryimage","url":"https:\/\/tga-modul.de\/wp-content\/uploads\/2024\/04\/JM1A8993-scaled.jpg","contentUrl":"https:\/\/tga-modul.de\/wp-content\/uploads\/2024\/04\/JM1A8993-scaled.jpg"},{"@type":"BreadcrumbList","@id":"https:\/\/tga-modul.de\/startseite\/#breadcrumb","itemListElement":[{"@type":"ListItem","position":1,"name":"Home","item":"https:\/\/tga-modul.de\/startseite\/"},{"@type":"ListItem","position":2,"name":"Installationsw\u00e4nde nach Ma\u00df"}]},{"@type":"WebSite","@id":"https:\/\/tga-modul.de\/startseite\/#website","url":"https:\/\/tga-modul.de\/startseite\/","name":"TGA MODUL","description":"VORPLANUNG | VORFERTIGUNG | MONTAGE","publisher":{"@id":"https:\/\/tga-modul.de\/startseite\/#organization"},"potentialAction":[{"@type":"SearchAction","target":{"@type":"EntryPoint","urlTemplate":"https:\/\/tga-modul.de\/startseite\/?s={search_term_string}"},"query-input":{"@type":"PropertyValueSpecification","valueRequired":true,"valueName":"search_term_string"}}],"inLanguage":"de"},{"@type":"Organization","@id":"https:\/\/tga-modul.de\/startseite\/#organization","name":"TGA MODUL","url":"https:\/\/tga-modul.de\/startseite\/","logo":{"@type":"ImageObject","inLanguage":"de","@id":"https:\/\/tga-modul.de\/startseite\/#\/schema\/logo\/image\/","url":"https:\/\/tga-modul.de\/wp-content\/uploads\/2024\/04\/TGA-LOGO.jpg","contentUrl":"https:\/\/tga-modul.de\/wp-content\/uploads\/2024\/04\/TGA-LOGO.jpg","width":1563,"height":1563,"caption":"TGA MODUL"},"image":{"@id":"https:\/\/tga-modul.de\/startseite\/#\/schema\/logo\/image\/"}}]}},"_links":{"self":[{"href":"https:\/\/tga-modul.de\/startseite\/wp-json\/wp\/v2\/pages\/46","targetHints":{"allow":["GET"]}}],"collection":[{"href":"https:\/\/tga-modul.de\/startseite\/wp-json\/wp\/v2\/pages"}],"about":[{"href":"https:\/\/tga-modul.de\/startseite\/wp-json\/wp\/v2\/types\/page"}],"author":[{"embeddable":true,"href":"https:\/\/tga-modul.de\/startseite\/wp-json\/wp\/v2\/users\/1"}],"replies":[{"embeddable":true,"href":"https:\/\/tga-modul.de\/startseite\/wp-json\/wp\/v2\/comments?post=46"}],"version-history":[{"count":20,"href":"https:\/\/tga-modul.de\/startseite\/wp-json\/wp\/v2\/pages\/46\/revisions"}],"predecessor-version":[{"id":131,"href":"https:\/\/tga-modul.de\/startseite\/wp-json\/wp\/v2\/pages\/46\/revisions\/131"}],"wp:attachment":[{"href":"https:\/\/tga-modul.de\/startseite\/wp-json\/wp\/v2\/media?parent=46"}],"curies":[{"name":"wp","href":"https:\/\/api.w.org\/{rel}","templated":true}]}}